{"id":14280,"date":"2020-12-01T09:37:39","date_gmt":"2020-12-01T09:37:39","guid":{"rendered":"http:\/\/192.168.0.108\/braintech\/?page_id=14280"},"modified":"2023-04-09T22:48:51","modified_gmt":"2023-04-10T01:48:51","slug":"database-administration","status":"publish","type":"page","link":"https:\/\/martinscenter.com\/?page_id=14280","title":{"rendered":""},"content":{"rendered":"\t\t<div data-elementor-type=\"wp-page\" data-elementor-id=\"14280\" class=\"elementor elementor-14280\" data-elementor-settings=\"[]\">\n\t\t\t\t\t\t\t<div class=\"elementor-section-wrap\">\n\t\t\t\t\t\t\t<section class=\"elementor-section elementor-top-section elementor-element elementor-element-f573d9d elementor-section-full_width elementor-section-height-default elementor-section-height-default\" data-id=\"f573d9d\" data-element_type=\"section\">\n\t\t\t\t\t\t<div class=\"elementor-container elementor-column-gap-default\">\n\t\t\t\t\t<div class=\"elementor-column elementor-col-50 elementor-top-column elementor-element elementor-element-995e824\" data-id=\"995e824\" data-element_type=\"column\">\n\t\t\t<div class=\"elementor-widget-wrap elementor-element-populated\">\n\t\t\t\t\t\t\t\t<div class=\"elementor-element elementor-element-feecc32 elementor-widget elementor-widget-image\" data-id=\"feecc32\" data-element_type=\"widget\" data-widget_type=\"image.default\">\n\t\t\t\t<div class=\"elementor-widget-container\">\n\t\t\t<style>\/*! elementor - v3.5.6 - 28-02-2022 *\/\n.elementor-widget-image{text-align:center}.elementor-widget-image a{display:inline-block}.elementor-widget-image a img[src$=\".svg\"]{width:48px}.elementor-widget-image img{vertical-align:middle;display:inline-block}<\/style>\t\t\t\t\t\t\t\t\t\t\t\t<img loading=\"lazy\" decoding=\"async\" width=\"880\" height=\"300\" src=\"https:\/\/martinscenter.com\/wp-content\/uploads\/2023\/04\/consultoria-1.jpg\" class=\"attachment-full size-full\" alt=\"\" srcset=\"https:\/\/martinscenter.com\/wp-content\/uploads\/2023\/04\/consultoria-1.jpg 880w, https:\/\/martinscenter.com\/wp-content\/uploads\/2023\/04\/consultoria-1-300x102.jpg 300w, https:\/\/martinscenter.com\/wp-content\/uploads\/2023\/04\/consultoria-1-768x262.jpg 768w\" sizes=\"auto, (max-width: 880px) 100vw, 880px\" \/>\t\t\t\t\t\t\t\t\t\t\t\t\t\t\t<\/div>\n\t\t\t\t<\/div>\n\t\t\t\t<div class=\"elementor-element elementor-element-90fe09e elementor-widget elementor-widget-heading\" data-id=\"90fe09e\" data-element_type=\"widget\" data-widget_type=\"heading.default\">\n\t\t\t\t<div class=\"elementor-widget-container\">\n\t\t\t<style>\/*! elementor - v3.5.6 - 28-02-2022 *\/\n.elementor-heading-title{padding:0;margin:0;line-height:1}.elementor-widget-heading .elementor-heading-title[class*=elementor-size-]>a{color:inherit;font-size:inherit;line-height:inherit}.elementor-widget-heading .elementor-heading-title.elementor-size-small{font-size:15px}.elementor-widget-heading .elementor-heading-title.elementor-size-medium{font-size:19px}.elementor-widget-heading .elementor-heading-title.elementor-size-large{font-size:29px}.elementor-widget-heading .elementor-heading-title.elementor-size-xl{font-size:39px}.elementor-widget-heading .elementor-heading-title.elementor-size-xxl{font-size:59px}<\/style><h2 class=\"elementor-heading-title elementor-size-default\">O que a consultoria pode fazer no seu neg\u00f3cio<\/h2>\t\t<\/div>\n\t\t\t\t<\/div>\n\t\t\t\t<div class=\"elementor-element elementor-element-3cc1d0a elementor-widget elementor-widget-text-editor\" data-id=\"3cc1d0a\" data-element_type=\"widget\" data-widget_type=\"text-editor.default\">\n\t\t\t\t<div class=\"elementor-widget-container\">\n\t\t\t<style>\/*! elementor - v3.5.6 - 28-02-2022 *\/\n.elementor-widget-text-editor.elementor-drop-cap-view-stacked .elementor-drop-cap{background-color:#818a91;color:#fff}.elementor-widget-text-editor.elementor-drop-cap-view-framed .elementor-drop-cap{color:#818a91;border:3px solid;background-color:transparent}.elementor-widget-text-editor:not(.elementor-drop-cap-view-default) .elementor-drop-cap{margin-top:8px}.elementor-widget-text-editor:not(.elementor-drop-cap-view-default) .elementor-drop-cap-letter{width:1em;height:1em}.elementor-widget-text-editor .elementor-drop-cap{float:left;text-align:center;line-height:1;font-size:50px}.elementor-widget-text-editor .elementor-drop-cap-letter{display:inline-block}<\/style>\t\t\t\t<p>N\u00f3s temos como objetivo\u00a0\u00a0levantar as necessidades do cliente, por meio de diagn\u00f3sticos e processos, identificar solu\u00e7\u00f5es e, ent\u00e3o, recomendar a\u00e7\u00f5es de melhoria.<\/p>\t\t\t\t\t\t<\/div>\n\t\t\t\t<\/div>\n\t\t\t\t<div class=\"elementor-element elementor-element-b96ce44 elementor-widget elementor-widget-rs-heading\" data-id=\"b96ce44\" data-element_type=\"widget\" data-widget_type=\"rs-heading.default\">\n\t\t\t\t<div class=\"elementor-widget-container\">\n\t\t\t        <div class=\"rs-heading style16  \">\r\n        \t<div class=\"title-inner\">        \t\t      \t\t\r\n\t            <h3 class=\"title\"><span class=\"watermark\"><\/span>Onde mais identificamos falhas<\/h3>\t\t\t\t\t        <\/div>\r\n\t                <\/div>\r\n\r\n        \t\t<\/div>\n\t\t\t\t<\/div>\n\t\t\t\t<section class=\"elementor-section elementor-inner-section elementor-element elementor-element-af2cc2e elementor-section-boxed elementor-section-height-default elementor-section-height-default\" data-id=\"af2cc2e\" data-element_type=\"section\">\n\t\t\t\t\t\t<div class=\"elementor-container elementor-column-gap-default\">\n\t\t\t\t\t<div class=\"elementor-column elementor-col-50 elementor-inner-column elementor-element elementor-element-cd81d9b\" data-id=\"cd81d9b\" data-element_type=\"column\">\n\t\t\t<div class=\"elementor-widget-wrap elementor-element-populated\">\n\t\t\t\t\t\t\t\t<div class=\"elementor-element elementor-element-d12abb6 elementor-widget elementor-widget-rs-progress\" data-id=\"d12abb6\" data-element_type=\"widget\" data-widget_type=\"rs-progress.default\">\n\t\t\t\t<div class=\"elementor-widget-container\">\n\t\t\t\n\t\t<div class=\"rs-skill-bar striped  style1\"> \n            <div class=\"skillbar\" data-percent=\"92\"> \n                <span class=\"skillbar-title\">Infraestrutura<\/span>\n\n                <p class=\"skillbar-bar\">\n\n                    \n\n                <\/p>\n                \t                \t              \n\n            <\/div>\n        <\/div>\n\n        <script type=\"text\/javascript\">\t\t\t\n\t\t\tjQuery(document).ready(function(){\n\t\t\t\tjQuery('.skillbar').skillBars({  \n\t\t            from: 0,    \n\t\t            speed: 4000,    \n\t\t            interval: 100,  \n\t\t            decimals: 0,    \n\t\t        });\n\t\t\t});\n\t\t<\/script>\n\n\t\t\t\t<\/div>\n\t\t\t\t<\/div>\n\t\t\t\t<div class=\"elementor-element elementor-element-7f2f72c elementor-widget elementor-widget-rs-progress\" data-id=\"7f2f72c\" data-element_type=\"widget\" data-widget_type=\"rs-progress.default\">\n\t\t\t\t<div class=\"elementor-widget-container\">\n\t\t\t\n\t\t<div class=\"rs-skill-bar striped  style1\"> \n            <div class=\"skillbar\" data-percent=\"85\"> \n                <span class=\"skillbar-title\">Manuten\u00e7\u00f5es<\/span>\n\n                <p class=\"skillbar-bar\">\n\n                    \n\n                <\/p>\n                \t                \t              \n\n            <\/div>\n        <\/div>\n\n        <script type=\"text\/javascript\">\t\t\t\n\t\t\tjQuery(document).ready(function(){\n\t\t\t\tjQuery('.skillbar').skillBars({  \n\t\t            from: 0,    \n\t\t            speed: 4000,    \n\t\t            interval: 100,  \n\t\t            decimals: 0,    \n\t\t        });\n\t\t\t});\n\t\t<\/script>\n\n\t\t\t\t<\/div>\n\t\t\t\t<\/div>\n\t\t\t\t<div class=\"elementor-element elementor-element-edf7d08 elementor-widget elementor-widget-rs-progress\" data-id=\"edf7d08\" data-element_type=\"widget\" data-widget_type=\"rs-progress.default\">\n\t\t\t\t<div class=\"elementor-widget-container\">\n\t\t\t\n\t\t<div class=\"rs-skill-bar striped  style1\"> \n            <div class=\"skillbar\" data-percent=\"95\"> \n                <span class=\"skillbar-title\">Processos <\/span>\n\n                <p class=\"skillbar-bar\">\n\n                    \n\n                <\/p>\n                \t                \t              \n\n            <\/div>\n        <\/div>\n\n        <script type=\"text\/javascript\">\t\t\t\n\t\t\tjQuery(document).ready(function(){\n\t\t\t\tjQuery('.skillbar').skillBars({  \n\t\t            from: 0,    \n\t\t            speed: 4000,    \n\t\t            interval: 100,  \n\t\t            decimals: 0,    \n\t\t        });\n\t\t\t});\n\t\t<\/script>\n\n\t\t\t\t<\/div>\n\t\t\t\t<\/div>\n\t\t\t\t\t<\/div>\n\t\t<\/div>\n\t\t\t\t<div class=\"elementor-column elementor-col-50 elementor-inner-column elementor-element elementor-element-cb8084b\" data-id=\"cb8084b\" data-element_type=\"column\">\n\t\t\t<div class=\"elementor-widget-wrap elementor-element-populated\">\n\t\t\t\t\t\t\t\t<div class=\"elementor-element elementor-element-be71b93 elementor-widget elementor-widget-rs-progress\" data-id=\"be71b93\" data-element_type=\"widget\" data-widget_type=\"rs-progress.default\">\n\t\t\t\t<div class=\"elementor-widget-container\">\n\t\t\t\n\t\t<div class=\"rs-skill-bar striped  style1\"> \n            <div class=\"skillbar\" data-percent=\"90\"> \n                <span class=\"skillbar-title\">Backup de informa\u00e7\u00f5es<\/span>\n\n                <p class=\"skillbar-bar\">\n\n                    \n\n                <\/p>\n                \t                \t              \n\n            <\/div>\n        <\/div>\n\n        <script type=\"text\/javascript\">\t\t\t\n\t\t\tjQuery(document).ready(function(){\n\t\t\t\tjQuery('.skillbar').skillBars({  \n\t\t            from: 0,    \n\t\t            speed: 4000,    \n\t\t            interval: 100,  \n\t\t            decimals: 0,    \n\t\t        });\n\t\t\t});\n\t\t<\/script>\n\n\t\t\t\t<\/div>\n\t\t\t\t<\/div>\n\t\t\t\t<div class=\"elementor-element elementor-element-2cdb74b elementor-widget elementor-widget-rs-progress\" data-id=\"2cdb74b\" data-element_type=\"widget\" data-widget_type=\"rs-progress.default\">\n\t\t\t\t<div class=\"elementor-widget-container\">\n\t\t\t\n\t\t<div class=\"rs-skill-bar striped  style1\"> \n            <div class=\"skillbar\" data-percent=\"95\"> \n                <span class=\"skillbar-title\">Cyber Seguran\u00e7a<\/span>\n\n                <p class=\"skillbar-bar\">\n\n                    \n\n                <\/p>\n                \t                \t              \n\n            <\/div>\n        <\/div>\n\n        <script type=\"text\/javascript\">\t\t\t\n\t\t\tjQuery(document).ready(function(){\n\t\t\t\tjQuery('.skillbar').skillBars({  \n\t\t            from: 0,    \n\t\t            speed: 4000,    \n\t\t            interval: 100,  \n\t\t            decimals: 0,    \n\t\t        });\n\t\t\t});\n\t\t<\/script>\n\n\t\t\t\t<\/div>\n\t\t\t\t<\/div>\n\t\t\t\t\t<\/div>\n\t\t<\/div>\n\t\t\t\t\t\t\t<\/div>\n\t\t<\/section>\n\t\t\t\t<section class=\"elementor-section elementor-inner-section elementor-element elementor-element-c4a45e5 elementor-section-boxed elementor-section-height-default elementor-section-height-default\" data-id=\"c4a45e5\" data-element_type=\"section\">\n\t\t\t\t\t\t<div class=\"elementor-container elementor-column-gap-default\">\n\t\t\t\t\t<div class=\"elementor-column elementor-col-100 elementor-inner-column elementor-element elementor-element-efdd01d\" data-id=\"efdd01d\" data-element_type=\"column\">\n\t\t\t<div class=\"elementor-widget-wrap elementor-element-populated\">\n\t\t\t\t\t\t\t\t<div class=\"elementor-element elementor-element-b7bb2b3 elementor-widget elementor-widget-rs-heading\" data-id=\"b7bb2b3\" data-element_type=\"widget\" data-widget_type=\"rs-heading.default\">\n\t\t\t\t<div class=\"elementor-widget-container\">\n\t\t\t        <div class=\"rs-heading style16  \">\r\n        \t<div class=\"title-inner\">        \t\t      \t\t\r\n\t            <h3 class=\"title\"><span class=\"watermark\"><\/span>Onde nossa consultoria atua <\/h3>\t\t\t\t\t        <\/div>\r\n\t                <\/div>\r\n\r\n        \t\t<\/div>\n\t\t\t\t<\/div>\n\t\t\t\t<div class=\"elementor-element elementor-element-9c08738 elementor-widget elementor-widget-text-editor\" data-id=\"9c08738\" data-element_type=\"widget\" data-widget_type=\"text-editor.default\">\n\t\t\t\t<div class=\"elementor-widget-container\">\n\t\t\t\t\t\t\t<p>N\u00f3s temos a expertise e a capacidade de dar consultoria nos processos gerais dos nossos clientes, atuando e melhorando performance deles. Com isso nossos clientes s\u00e3o capazes de alterar os processos e ver, que al\u00e9m da performance melhorar, tamb\u00e9m montamos uma estrat\u00e9gia vencedora.\u00a0<\/p>\t\t\t\t\t\t<\/div>\n\t\t\t\t<\/div>\n\t\t\t\t\t<\/div>\n\t\t<\/div>\n\t\t\t\t\t\t\t<\/div>\n\t\t<\/section>\n\t\t\t\t\t<\/div>\n\t\t<\/div>\n\t\t\t\t<div class=\"elementor-column elementor-col-50 elementor-top-column elementor-element elementor-element-05b938c bs-sidebar dynamic-sidebar\" data-id=\"05b938c\" data-element_type=\"column\">\n\t\t\t<div class=\"elementor-widget-wrap elementor-element-populated\">\n\t\t\t\t\t\t\t\t<section class=\"elementor-section elementor-inner-section elementor-element elementor-element-ef95e5c elementor-section-boxed elementor-section-height-default elementor-section-height-default\" data-id=\"ef95e5c\" data-element_type=\"section\">\n\t\t\t\t\t\t<div class=\"elementor-container elementor-column-gap-default\">\n\t\t\t\t\t<div class=\"elementor-column elementor-col-100 elementor-inner-column elementor-element elementor-element-ecad901\" data-id=\"ecad901\" data-element_type=\"column\" data-settings=\"{&quot;background_background&quot;:&quot;classic&quot;}\">\n\t\t\t<div class=\"elementor-widget-wrap elementor-element-populated\">\n\t\t\t\t\t\t\t\t<div class=\"elementor-element elementor-element-645d46c phones elementor-widget elementor-widget-rs-contact-box\" data-id=\"645d46c\" data-element_type=\"widget\" data-widget_type=\"rs-contact-box.default\">\n\t\t\t\t<div class=\"elementor-widget-container\">\n\t\t\t\t\t\r\n\r\n\t\t<!-- Style 1 Start -->\r\n\t\t<div class=\"rs-contact-box\">\r\n\r\n\t\t\t\t\t\t<div class=\"address-item vertical boxstyle1\">\r\n\r\n\t\t\t\t\t\t\t            <div class=\"address-icon\">\r\n\t\t            \t\t\t            \t\t<i class=\"fa fa-phone\"><\/i>\r\n\t\t            \t\t\t            <\/div>\r\n\t\t            \r\n\t\t            <div class=\"address-text\">\r\n\t\t            \t\r\n\r\n\t\t            \t\r\n\r\n\t\t            \t\t\t            <\/div>\r\n\t\t        <\/div>\r\n\t\t\t\t\t<\/div>\r\n\r\n\t<!-- Style 1 End -->\t\r\n\t\t\r\n\t\t\t<\/div>\n\t\t\t\t<\/div>\n\t\t\t\t<div class=\"elementor-element elementor-element-b6c4527 elementor-widget elementor-widget-heading\" data-id=\"b6c4527\" data-element_type=\"widget\" data-widget_type=\"heading.default\">\n\t\t\t\t<div class=\"elementor-widget-container\">\n\t\t\t<h3 class=\"elementor-heading-title elementor-size-default\">Quer entender melhor o que podemos fazer ?  Entre em contato<\/h3>\t\t<\/div>\n\t\t\t\t<\/div>\n\t\t\t\t<div class=\"elementor-element elementor-element-536b310 elementor-widget elementor-widget-heading\" data-id=\"536b310\" data-element_type=\"widget\" data-widget_type=\"heading.default\">\n\t\t\t\t<div class=\"elementor-widget-container\">\n\t\t\t<h2 class=\"elementor-heading-title elementor-size-default\">(123) 222-8888<\/h2>\t\t<\/div>\n\t\t\t\t<\/div>\n\t\t\t\t\t<\/div>\n\t\t<\/div>\n\t\t\t\t\t\t\t<\/div>\n\t\t<\/section>\n\t\t\t\t<div class=\"elementor-element elementor-element-a753611 elementor-widget elementor-widget-sidebar\" data-id=\"a753611\" data-element_type=\"widget\" data-widget_type=\"sidebar.default\">\n\t\t\t\t<div class=\"elementor-widget-container\">\n\t\t\t<div id=\"nav_menu-1\" class=\"service-singles widget widget_nav_menu\"><div class=\"menu-service-sidebar-container\"><ul id=\"menu-service-sidebar\" class=\"menu\"><li id=\"menu-item-11631\" class=\"menu-item menu-item-type-post_type menu-item-object-page menu-item-11631\"><a href=\"https:\/\/martinscenter.com\/?page_id=11597\">Manuten\u00e7\u00e3o de Computadores<\/a><\/li>\n<li id=\"menu-item-12648\" class=\"menu-item menu-item-type-post_type menu-item-object-page menu-item-12648\"><a href=\"https:\/\/martinscenter.com\/?page_id=12563\">Manuten\u00e7\u00e3o de Impressoras<\/a><\/li>\n<li id=\"menu-item-14263\" class=\"menu-item menu-item-type-post_type menu-item-object-page menu-item-14263\"><a href=\"https:\/\/martinscenter.com\/?page_id=14243\">Circuito de C\u00e2meras<\/a><\/li>\n<li id=\"menu-item-14288\" class=\"menu-item menu-item-type-post_type menu-item-object-page menu-item-14288\"><a href=\"https:\/\/martinscenter.com\/?page_id=14275\">Gerenciamento de Servidores<\/a><\/li>\n<li id=\"menu-item-14290\" class=\"menu-item menu-item-type-post_type menu-item-object-page menu-item-14290\"><a href=\"https:\/\/martinscenter.com\/?page_id=14266\">Cyber Seguran\u00e7a<\/a><\/li>\n<li id=\"menu-item-14289\" class=\"menu-item menu-item-type-post_type menu-item-object-page menu-item-14289\"><a href=\"https:\/\/martinscenter.com\/?page_id=14280\">Consultoria<\/a><\/li>\n<\/ul><\/div><\/div>\t\t<\/div>\n\t\t\t\t<\/div>\n\t\t\t\t\t<\/div>\n\t\t<\/div>\n\t\t\t\t\t\t\t<\/div>\n\t\t<\/section>\n\t\t\t\t<section class=\"elementor-section elementor-top-section elementor-element elementor-element-d1efdc2 elementor-section-stretched elementor-section-full_width elementor-section-height-default elementor-section-height-default\" data-id=\"d1efdc2\" data-element_type=\"section\" data-settings=\"{&quot;stretch_section&quot;:&quot;section-stretched&quot;,&quot;background_background&quot;:&quot;classic&quot;}\">\n\t\t\t\t\t\t<div class=\"elementor-container elementor-column-gap-default\">\n\t\t\t\t\t<div class=\"elementor-column elementor-col-100 elementor-top-column elementor-element elementor-element-7ce850a\" data-id=\"7ce850a\" data-element_type=\"column\">\n\t\t\t<div class=\"elementor-widget-wrap elementor-element-populated\">\n\t\t\t\t\t\t\t\t<section class=\"elementor-section elementor-inner-section elementor-element elementor-element-9603f1d elementor-section-boxed elementor-section-height-default elementor-section-height-default\" data-id=\"9603f1d\" data-element_type=\"section\">\n\t\t\t\t\t\t<div class=\"elementor-container elementor-column-gap-default\">\n\t\t\t\t\t<div class=\"elementor-column elementor-col-50 elementor-inner-column elementor-element elementor-element-6f25475\" data-id=\"6f25475\" data-element_type=\"column\">\n\t\t\t<div class=\"elementor-widget-wrap elementor-element-populated\">\n\t\t\t\t\t\t\t\t<div class=\"elementor-element elementor-element-c90e221 elementor-widget elementor-widget-rs-heading\" data-id=\"c90e221\" data-element_type=\"widget\" data-widget_type=\"rs-heading.default\">\n\t\t\t\t<div class=\"elementor-widget-container\">\n\t\t\t        <div class=\"rs-heading default  \">\r\n        \t<div class=\"title-inner\">        \t\t      \t\t\r\n\t            <span class=\"sub-text \">Vamos Come\u00e7ar um projeto de consultoria ?<\/span><h2 class=\"title\"><span class=\"watermark\"><\/span>Entre em contato com os nossos especialistas -&gt;<\/h2>\t\t\t\t\t        <\/div>\r\n\t                <\/div>\r\n\r\n        \t\t<\/div>\n\t\t\t\t<\/div>\n\t\t\t\t\t<\/div>\n\t\t<\/div>\n\t\t\t\t<div class=\"elementor-column elementor-col-50 elementor-inner-column elementor-element elementor-element-0eedb83\" data-id=\"0eedb83\" data-element_type=\"column\">\n\t\t\t<div class=\"elementor-widget-wrap elementor-element-populated\">\n\t\t\t\t\t\t\t\t<div class=\"elementor-element elementor-element-51e4037 elementor-widget elementor-widget-rs-button\" data-id=\"51e4037\" data-element_type=\"widget\" data-widget_type=\"rs-button.default\">\n\t\t\t\t<div class=\"elementor-widget-container\">\n\t\t\t\t\r\n\t\t\r\n\t\t\t\t\t<div class=\"rs-btn\">\r\n\t\t\t\t\t\t\t\t<a class=\"readon rs_button\" href=\"https:\/\/martinscenter.com\/?page_id=12\" >\t\t\t\t\r\n\t\t\t\t\t<span class=\"btn_text\">Click Aqui i<\/span>\r\n\t\t\t\t\t\t\t\t\t<\/a>\r\n\t\t\t<\/div> \r\n\t\t   \r\n\t\t\t<\/div>\n\t\t\t\t<\/div>\n\t\t\t\t\t<\/div>\n\t\t<\/div>\n\t\t\t\t\t\t\t<\/div>\n\t\t<\/section>\n\t\t\t\t\t<\/div>\n\t\t<\/div>\n\t\t\t\t\t\t\t<\/div>\n\t\t<\/section>\n\t\t\t\t\t\t<\/div>\n\t\t\t\t\t<\/div>\n\t\t","protected":false},"excerpt":{"rendered":"<p>O que a consultoria pode fazer no seu neg\u00f3cio N\u00f3s temos como objetivo\u00a0\u00a0levantar as necessidades do cliente, por meio de diagn\u00f3sticos e processos, identificar solu\u00e7\u00f5es e, ent\u00e3o, recomendar a\u00e7\u00f5es de melhoria. Onde mais identificamos falhas Infraestrutura Manuten\u00e7\u00f5es Processos Backup de informa\u00e7\u00f5es Cyber Seguran\u00e7a Onde nossa consultoria atua N\u00f3s temos a expertise e a capacidade de&#8230;<\/p>\n","protected":false},"author":1,"featured_media":0,"parent":11559,"menu_order":0,"comment_status":"closed","ping_status":"closed","template":"","meta":{"_mi_skip_tracking":false,"footnotes":""},"class_list":["post-14280","page","type-page","status-publish","hentry"],"yoast_head":"<!-- This site is optimized with the Yoast SEO plugin v20.2.1 - https:\/\/yoast.com\/wordpress\/plugins\/seo\/ -->\n<title>- Martins Center Inform\u00e1tica<\/title>\n<meta name=\"robots\" content=\"index, follow, max-snippet:-1, max-image-preview:large, max-video-preview:-1\" \/>\n<link rel=\"canonical\" href=\"https:\/\/martinscenter.com\/?page_id=14280\" \/>\n<meta property=\"og:locale\" content=\"pt_BR\" \/>\n<meta property=\"og:type\" content=\"article\" \/>\n<meta property=\"og:title\" content=\"- Martins Center Inform\u00e1tica\" \/>\n<meta property=\"og:description\" content=\"O que a consultoria pode fazer no seu neg\u00f3cio N\u00f3s temos como objetivo\u00a0\u00a0levantar as necessidades do cliente, por meio de diagn\u00f3sticos e processos, identificar solu\u00e7\u00f5es e, ent\u00e3o, recomendar a\u00e7\u00f5es de melhoria. Onde mais identificamos falhas Infraestrutura Manuten\u00e7\u00f5es Processos Backup de informa\u00e7\u00f5es Cyber Seguran\u00e7a Onde nossa consultoria atua N\u00f3s temos a expertise e a capacidade de...\" \/>\n<meta property=\"og:url\" content=\"https:\/\/martinscenter.com\/?page_id=14280\" \/>\n<meta property=\"og:site_name\" content=\"Martins Center Inform\u00e1tica\" \/>\n<meta property=\"article:modified_time\" content=\"2023-04-10T01:48:51+00:00\" \/>\n<meta property=\"og:image\" content=\"http:\/\/martinscenter.com\/wp-content\/uploads\/2023\/04\/consultoria-1.jpg\" \/>\n<meta name=\"twitter:card\" content=\"summary_large_image\" \/>\n<script type=\"application\/ld+json\" class=\"yoast-schema-graph\">{\"@context\":\"https:\/\/schema.org\",\"@graph\":[{\"@type\":\"WebPage\",\"@id\":\"https:\/\/martinscenter.com\/?page_id=14280\",\"url\":\"https:\/\/martinscenter.com\/?page_id=14280\",\"name\":\"- Martins Center Inform\u00e1tica\",\"isPartOf\":{\"@id\":\"https:\/\/martinscenter.com\/#website\"},\"datePublished\":\"2020-12-01T09:37:39+00:00\",\"dateModified\":\"2023-04-10T01:48:51+00:00\",\"breadcrumb\":{\"@id\":\"https:\/\/martinscenter.com\/?page_id=14280#breadcrumb\"},\"inLanguage\":\"pt-BR\",\"potentialAction\":[{\"@type\":\"ReadAction\",\"target\":[\"https:\/\/martinscenter.com\/?page_id=14280\"]}]},{\"@type\":\"BreadcrumbList\",\"@id\":\"https:\/\/martinscenter.com\/?page_id=14280#breadcrumb\",\"itemListElement\":[{\"@type\":\"ListItem\",\"position\":1,\"name\":\"In\u00edcio\",\"item\":\"https:\/\/martinscenter.com\/\"},{\"@type\":\"ListItem\",\"position\":2,\"name\":\"Services\",\"item\":\"https:\/\/martinscenter.com\/?page_id=11559\"}]},{\"@type\":\"WebSite\",\"@id\":\"https:\/\/martinscenter.com\/#website\",\"url\":\"https:\/\/martinscenter.com\/\",\"name\":\"Martins Center Inform\u00e1tica\",\"description\":\"Martins Center Inform\u00e1tica\",\"potentialAction\":[{\"@type\":\"SearchAction\",\"target\":{\"@type\":\"EntryPoint\",\"urlTemplate\":\"https:\/\/martinscenter.com\/?s={search_term_string}\"},\"query-input\":\"required name=search_term_string\"}],\"inLanguage\":\"pt-BR\"}]}<\/script>\n<!-- \/ Yoast SEO plugin. -->","yoast_head_json":{"title":"- Martins Center Inform\u00e1tica","robots":{"index":"index","follow":"follow","max-snippet":"max-snippet:-1","max-image-preview":"max-image-preview:large","max-video-preview":"max-video-preview:-1"},"canonical":"https:\/\/martinscenter.com\/?page_id=14280","og_locale":"pt_BR","og_type":"article","og_title":"- Martins Center Inform\u00e1tica","og_description":"O que a consultoria pode fazer no seu neg\u00f3cio N\u00f3s temos como objetivo\u00a0\u00a0levantar as necessidades do cliente, por meio de diagn\u00f3sticos e processos, identificar solu\u00e7\u00f5es e, ent\u00e3o, recomendar a\u00e7\u00f5es de melhoria. Onde mais identificamos falhas Infraestrutura Manuten\u00e7\u00f5es Processos Backup de informa\u00e7\u00f5es Cyber Seguran\u00e7a Onde nossa consultoria atua N\u00f3s temos a expertise e a capacidade de...","og_url":"https:\/\/martinscenter.com\/?page_id=14280","og_site_name":"Martins Center Inform\u00e1tica","article_modified_time":"2023-04-10T01:48:51+00:00","og_image":[{"url":"http:\/\/martinscenter.com\/wp-content\/uploads\/2023\/04\/consultoria-1.jpg"}],"twitter_card":"summary_large_image","schema":{"@context":"https:\/\/schema.org","@graph":[{"@type":"WebPage","@id":"https:\/\/martinscenter.com\/?page_id=14280","url":"https:\/\/martinscenter.com\/?page_id=14280","name":"- Martins Center Inform\u00e1tica","isPartOf":{"@id":"https:\/\/martinscenter.com\/#website"},"datePublished":"2020-12-01T09:37:39+00:00","dateModified":"2023-04-10T01:48:51+00:00","breadcrumb":{"@id":"https:\/\/martinscenter.com\/?page_id=14280#breadcrumb"},"inLanguage":"pt-BR","potentialAction":[{"@type":"ReadAction","target":["https:\/\/martinscenter.com\/?page_id=14280"]}]},{"@type":"BreadcrumbList","@id":"https:\/\/martinscenter.com\/?page_id=14280#breadcrumb","itemListElement":[{"@type":"ListItem","position":1,"name":"In\u00edcio","item":"https:\/\/martinscenter.com\/"},{"@type":"ListItem","position":2,"name":"Services","item":"https:\/\/martinscenter.com\/?page_id=11559"}]},{"@type":"WebSite","@id":"https:\/\/martinscenter.com\/#website","url":"https:\/\/martinscenter.com\/","name":"Martins Center Inform\u00e1tica","description":"Martins Center Inform\u00e1tica","potentialAction":[{"@type":"SearchAction","target":{"@type":"EntryPoint","urlTemplate":"https:\/\/martinscenter.com\/?s={search_term_string}"},"query-input":"required name=search_term_string"}],"inLanguage":"pt-BR"}]}},"_links":{"self":[{"href":"https:\/\/martinscenter.com\/index.php?rest_route=\/wp\/v2\/pages\/14280","targetHints":{"allow":["GET"]}}],"collection":[{"href":"https:\/\/martinscenter.com\/index.php?rest_route=\/wp\/v2\/pages"}],"about":[{"href":"https:\/\/martinscenter.com\/index.php?rest_route=\/wp\/v2\/types\/page"}],"author":[{"embeddable":true,"href":"https:\/\/martinscenter.com\/index.php?rest_route=\/wp\/v2\/users\/1"}],"replies":[{"embeddable":true,"href":"https:\/\/martinscenter.com\/index.php?rest_route=%2Fwp%2Fv2%2Fcomments&post=14280"}],"version-history":[{"count":8,"href":"https:\/\/martinscenter.com\/index.php?rest_route=\/wp\/v2\/pages\/14280\/revisions"}],"predecessor-version":[{"id":20929,"href":"https:\/\/martinscenter.com\/index.php?rest_route=\/wp\/v2\/pages\/14280\/revisions\/20929"}],"up":[{"embeddable":true,"href":"https:\/\/martinscenter.com\/index.php?rest_route=\/wp\/v2\/pages\/11559"}],"wp:attachment":[{"href":"https:\/\/martinscenter.com\/index.php?rest_route=%2Fwp%2Fv2%2Fmedia&parent=14280"}],"curies":[{"name":"wp","href":"https:\/\/api.w.org\/{rel}","templated":true}]}}